t common factor of k and 24.
12
Let d(b) be the second derivative of 17*b**3/6 + b**2/2 - b. Let s be d(7). Suppose l = -3*l + s. What is the highest common factor of l and 20?
10
Suppose -2*r + 0*r = -3*s + 170, 0 = -3*r - 12. Calculate the highest common factor of s and 432.
54
Suppose -4*t + n + 361 = 0, -2*n = -t - 0*t + 92. Calculate the greatest common divisor of t and 9.
9
Let c be 22/7 - 1/7. Let s be 2 + (c - (-2 - 70)). Calculate the highest common divisor of s and 11.
11
Let i(z) = 3*z**2 + 3*z + 3. Let u be i(5). Let m be (3 - u)*(-1)/1. Let n be (-1)/2 - 21/(-2). Calculate the highest common divisor of m and n.
10
Suppose 0 = -3*c + 3*w + 2*w + 285, 2*c - 3*w = 189. Let a(l) = -l**2 + 8*l - 2. Let i be a(6). Calculate the highest common factor of c and i.
10
Let m(q) be the third derivative of 2*q**2 - q**3 - 7/24*q**4 + 0*q + 0. Let s be m(-6). Calculate the greatest common divisor of 24 and s.
12
Suppose 0 = 2*d - 10 + 4. Suppose 5*u = 4*t - 160, 5*t - 223 + 23 = d*u. Suppose -t = -6*j + 2*j. What is the highest common factor of 15 and j?
5
Suppose -3*r + 10 = 2*r. What is the highest common factor of r and 14?
2
Let h be -1*3/(3 - 0). Let s(z) = -20*z**3 - z**2 - 2*z - 1. Let l be s(h). Calculate the greatest common factor of l and 10.
10
Suppose 0*n + 4*n = -5*f + 338, 0 = -5*f - 5*n + 335. What is the highest common divisor of 10 and f?
10
Suppose t + 4 = 28. Calculate the greatest common factor of 144 and t.
24
Let k(h) = 4*h + 1. Let x be k(-3). Let d = 9 - x. What is the highest common factor of d and 30?
10
Let x(z) = -305*z - 6. Let b be x(-1). What is the greatest common factor of b and 23?
23
Suppose -a = -5*g - 2*a - 2, -2*a = -3*g + 4. Let x be 6 + (0 - g) + 0. What is the highest common divisor of x and 9?
3
Suppose u + 1 - 6 = 0. Let o(s) = -4*s**2 + u*s**2 - 7*s + 9 + 0*s**2. Let w be o(8). Calculate the highest common divisor of 170 and w.
17
Suppose 4*f + 3 = -9. Let k be (-6)/8*(-32)/(-4). Let a be 10/((-22)/k + f). What is the greatest common factor of 30 and a?
15
Let b(t) = 18*t**2 + 7*t - 7. Let p be b(1). Calculate the highest common divisor of 90 and p.
18
Suppose 0 = 3*m - 2*m - 8. Let z = m + 3. Calculate the highest common factor of 22 and z.
11
Let a be 4/(-8)*(0 + -18). Let h = 25 - -47. Calculate the highest common divisor of h and a.
9
Suppose -d + 3*l + 10 + 2 = 0, l - 36 = -3*d. Calculate the highest common factor of 108 and d.
12
Let s = 218 + -92. Suppose -3*v + 5*o + 54 = 0, 3*o = -o. Calculate the greatest common divisor of s and v.
18
Let x(l) = l**2 + 6*l + 1. Let d be x(-6). Suppose -c = -0*c - d. Suppose -1 = -2*b + 3. Calculate the highest common divisor of c and b.
1
Let w(p) = -p**3 + 17*p**2 - 20*p - 21. Let b be w(16). Let g = -35 - b. Let v = -155 - -230. Calculate the greatest common factor of g and v.
25
Let i(o) = o**3 - 5*o**2 + 6*o - 3. Let z be i(4). Let v(t) = -t**2 + 5*t + 5. Let f be v(z). What is the greatest common divisor of f and 15?
5
Let u = 31 + -19. Calculate the highest common factor of u and 48.
12
Let x(s) = -27*s + 1. Let j be x(-1). Calculate the highest common divisor of 7 and j.
7
Let d = -6 + 12. Suppose 39 = -3*b + d*b. Let u = -4 + b. What is the greatest common divisor of 81 and u?
9
Let p(q) = -q + 8. Let r be p(6). Let o = r - -2. Let w be (-10)/o*(-42)/35. What is the highest common factor of 24 and w?
3
Suppose 0 = 3*c + 12, -4*h - 3*c - 37 = -265. What is the highest common divisor of 24 and h?
12
Let h(k) = -k - 6. Let x be h(-7). What is the greatest common divisor of 3 and x?
1
Suppose -5*b + 173 = 2*n, -3*n - 3*b - 2*b = -272. What is the greatest common divisor of 11 and n?
11
Suppose -2*c + 74 = -2*f, c + 2*c - 4*f = 115. Suppose 5*m = 16 + 39. What is the greatest common factor of m and c?
11
Suppose 2*b = 2*c + 4, 0 = -2*b - 2*b + c + 11. Let z(n) = n**3 - 5*n**2 + 4*n - 5. Let x be z(5). Calculate the highest common factor of x and b.
3
Let a(z) = z - z + 5*z**2 + 11*z - 2 - 6*z**2. Let m be a(10). Suppose 160 = 3*r + 2*r. Calculate the greatest common factor of m and r.
8
Suppose 14*j - 9*j - 540 = 0. Calculate the greatest common divisor of j and 162.
54
Let w(l) = -l**3 - l**2. Let p be w(0). Suppose -16 = -4*z - p*z. Suppose z*d = d + 72. Calculate the highest common divisor of d and 24.
24
Suppose -2*j - 5 = -3*j. Let m = -9 + 10. Calculate the highest common factor of j and m.
1
Let q be ((-6)/(-8))/(4/(-64)). Let o = 5 + q. Let v be (-4)/(-2 + (-12)/o). What is the highest common divisor of 14 and v?
14
Let h(p) = 21*p**2 - p. Let c be h(-1). Suppose 6*a - 22 = 5*a. Calculate the highest common divisor of c and a.
22
Let p be (-75)/(-6)*28/5. Suppose t - p = -4*t. Let r(l) = -l**2 - 22*l - 115. Let o be r(-9). What is the highest common divisor of t and o?
2
Let n(r) = 3*r - 30. Let h be n(11). Calculate the greatest common divisor of h and 33.
3
Suppose 2*z - 2*u + u = 23, -5*z - u = -47. Calculate the greatest common factor of z and 70.
10
Let v = 11 - 5. Let q be 27/7 - (-10)/70. What is the greatest common factor of v and q?
2
Let z be (1496/(-24))/(2/(-6)). What is the highest common divisor of z and 17?
17
Suppose -4*u - s = -502, -6*u + 384 = -3*u - 3*s. What is the highest common divisor of 14 and u?
14
Let i be 41/(-5) + 1/5. Let t = i + 27. What is the highest common factor of 152 and t?
19
Let x = 91 + -59. What is the highest common factor of x and 288?
32
Suppose -12 = -6*r + 2*r, -2*g + 106 = 2*r. What is the highest common divisor of 25 and g?
25
Suppose -3*k - 16 = 26. Let y be k/(-1)*15/6. What is the highest common factor of y and 5?
5
Let x(k) = 2*k**3 - k - 2. Let g be x(2). Let o be (272/(-6))/(-4)*g. Let t = o - 48. Calculate the highest common divisor of t and 8.
8
Let r = 48 + 123. What is the greatest common divisor of r and 19?
19
Let s = 65 + -63. Calculate the greatest common divisor of s and 22.
2
Let a(f) = f**3 - f**2 + f + 7. Let k be a(0). Let z = 7 - 3. Suppose -z*x + 2*x - 4 = 0, -5*x - 66 = -4*v. Calculate the highest common divisor of v and k.
7
Suppose -4*k + 47 + 21 = 0. What is the greatest common divisor of 136 and k?
17
Suppose 5*t - 460 = 2*o, 4*o - 2*t + t + 884 = 0. Let a be o/2*(0 + -1). What is the greatest common divisor of 10 and a?
10
Let q(c) = -c**3 + 4*c**2 + 5*c. Let d be q(5). Suppose -2*t + 2*h = 6*h - 262, d = 2*t + 5*h - 265. What is the highest common divisor of 25 and t?
25
Let u = 38 - 4. Let s be u/14 - 6/14. Calculate the highest common factor of s and 2.
2
Suppose -t + 0*k - 13 = -5*k, -k = t - 5. Let w = 18 - -7. Suppose t*h - 45 = w. What is the greatest common divisor of h and 7?
7
Let q be 33/(-39) + (-2)/13. Let u be 55/(-10)*(q + -1). What is the highest common divisor of u and 11?
11
Let a = -38 + 56. Calculate the greatest common factor of a and 126.
18
Let l be 100/15 - 6/9. What is the greatest common factor of 4 and l?
2
Let z(x) = x**2 - 5*x + 4. Let s be z(6). Calculate the highest common divisor of s and 90.
10
Let o be ((-10)/(-8))/(6/144). Calculate the highest common divisor of o and 90.
30
Suppose y + 6*d = d + 12, -2*d + 12 = 4*y. Suppose -y*q + 264 = -q. Calculate the highest common factor of q and 24.
24
Let l(c) = c**2 - c. Let g(p) = 2*p - 1. Let r(d) = g(d) + 4*l(d). Let j be r(2). Calculate the greatest common divisor of 11 and j.
11
Suppose 0 = -5*z + 36 + 19. Calculate the highest common divisor of z and 44.
11
Let t(d) = -3*d - 6. Let z be t(-8). What is the highest common divisor of 72 and z?
18
Let s be (1 + -2 - 0) + 7. Let b(v) = -v**3 + 5*v**2 + 7*v. Let x be b(s). Suppose 109 - 1 = 2*k. Calculate the highest common factor of k and x.
6
Suppose -3*s - 3*f - 2*f + 454 = 0, 4*f = -s + 163. Let o be 1/(-1*1/(-13)). What is the greatest common divisor of o and s?
13
Suppose 0 = -7*b + 9*b. Let u be (1 - b/1)*12. Let d(y) = -y**2 - 26*y - 81. Let a be d(-5). What is the highest common factor of a and u?
12
Let w(b) = -b**2 - 4*b + 5. Let y be w(-5). Suppose -g + 6 + 0 = y. Let x be 700/g - 1/(-3). Calculate the highest common divisor of 13 and x.
13
Let u(w) = -w**3 - 2*w**2 + 2*w + 6. Let s be u(-4). What is the greatest common factor of s and 60?
30
Let h be (14/8)/(14/112). What is the highest common divisor of 98 and h?
14
Let h(a) = 2